+ 6 - 64*s**3. Determine t(-5).
-29
Suppose 4*y + 2 = -3*l + 2*y, 4*l - 2*y = -26. Let k(d) = 2*d - 7. Let g(r) = 3*r - 7. Let n(p) = 3*g(p) - 4*k(p). Give n(l).
3
Suppose 0 = -m + 6*m. Suppose m = 2*v + r - 9, 3*v + r - 2 - 12 = 0. Let h(p) = 3*p - 3*p - p**2 - v + 2. Calculate h(0).
-3
Let w(k) = -k**2 - 2*k + 7. Let l(x) = x**3 + 2*x**2 + x - 2. Let v be l(-2). What is w(v)?
-1
Let g(t) = -2*t**2 + 3*t + 3. Suppose -10 = 5*f - 5*u, 2*f - u + 13 = -2*u. Let o(s) = 2*s**2 - 3*s - 3. Let n(c) = f*g(c) - 6*o(c). What is n(-2)?
-11
Let y(a) = -76*a + 13*a + 58*a + 22. Calculate y(4).
2
Let b(c) = c - 13. Let m be b(14). Let y be 1 + (0 + m)/1. Suppose -3*o = -5*j + 15, 3*j - y*o - 9 = 2*o. Let g(n) = n - 3. What is g(j)?
0
Suppose z = -2*z - 450. Let o be ((-4)/(-10))/((-3)/z). Let m(q) = -1 + 10*q + 5 - o*q + 8*q. Determine m(4).
-4
Let u(g) = 6*g + 2. Let k be 1 + 1 + -3 + 21*1. Suppose 5*b + 15 = 0, -2*b - k = 4*i + 2*b. Give u(i).
-10
Let w be -14 + (-568)/(-32) + 6/(-8). Let z(c) = c - 6. Determine z(w).
-3
Let x(r) = 89 - r - 30 - 33 - 41. Give x(14).
-29
Suppose 7*x = 3*x + 56. Let a = x + -20. Let t(s) be the first derivative of s**2/2 - s - 31. Determine t(a).
-7
Let p = 186 - 183. Let r(o) = -o**3 + 4*o**2 - o + 2. Determine r(p).
8
Suppose 2*d + v - 82 = -2*v, -2*d - 2*v + 84 = 0. Suppose 2*m - x = -3*m + d, 5*x = 5*m - 60. Let y(h) = h**2 - 7*h - 7. Give y(m).
1
Let o(b) = 19*b - 202. Let i be o(10). Let j(a) = a**3 + 8*a**2 - 49*a - 18. Determine j(i).
-6
Suppose -f = 7 - 39. Let o = f - 38. Let d(m) = m**2 + 8*m + 6. Give d(o).
-6
Let j(b) = -53*b + 50. Let p be j(1). Let m(n) = -n**2 - 6*n - 6. Give m(p).
3
Let w(k) = -3*k**2 - 6*k**2 - 20*k + 21*k. Let c be w(-1). Let g = 5 + c. Let d(p) = p + 1. What is d(g)?
-4
Suppose 2*g + 27 = -g. Let b(k) = k + 12. Let l be b(g). Let f(j) = -j**2 + 2*j - 1. Determine f(l).
-4
Let g be 7 - 5 - -6 - (1 + -2). Suppose 11*t = g*t - 4. Let o(y) = 4*y**3 + 2*y**2 - y + 2. Determine o(t).
-20
Let r(k) = -5*k**2 + k. Let c = -89 + 93. Let q be ((-24)/21)/c + 25/(-35). Calculate r(q).
-6
Suppose 0 = 5*j + 3*v - 0*v - 31123, -2*v + 6219 = j. Let q(l) = j - 6227 - 4*l. What is q(-2)?
8
Let a = -22 + 26. Let f(w) be the first derivative of w**4/4 - w**3 - 2*w**2 - w - 55. Determine f(a).
-1
Let o(y) = y**3 - 4*y**2 + 5*y. Suppose 5*q + 5*x = 0, -4*q + 7*x - 10*x + 2 = 0. What is o(q)?
2
Let v = -10 - -15. Suppose 5*k - v = -0. Let u(d) = -k + 4*d - d - d + d. Determine u(2).
5
Let w(c) = 6*c**3 - 4*c**2 + 4*c - 6. Let v(r) = 5*r**3 - 3*r**2 + 3*r - 6. Let m(g) = -5*v(g) + 4*w(g). Calculate m(0).
6
Let o(d) = -d**3 - 8*d**2 - 5*d + 2. Let f be o(-7). Let a = -14 - f. Let c(p) = -4*p - 3. Determine c(a).
5
Let z(x) = -x**2 + 1. Suppose -3*j - 4*a = -17 - 2, -2*j = -5*a + 18. What is z(j)?
0
Let i = -475 - -479. Let p(h) be the second derivative of 1/20*h**5 + 0*h**3 + 0 + 0*h**i - 4*h**2 - 5*h. What is p(0)?
-8
Let s(d) = 2*d**3 + 3*d**2 + 2*d + 2. Let z be s(-2). Let w(h) = 58*h + 3. Let m(y) = -21*y - 1. Let g(l) = 11*m(l) + 4*w(l). Determine g(z).
-5
Let r(f) = -3*f**3 + 17*f + 11. Let c(t) be the third derivative of t**6/120 - t**4/4 - 2*t**3/3 + 6*t**2. Let l(p) = -8*c(p) - 3*r(p). Calculate l(-2).
-3
Let m = 6 + -4. Let b(t) = -4*t**3 + 2*t**2 - 8. Let d(q) = 3*q**3 - 3*q**2 + 7. Let y(z) = m*b(z) + 3*d(z). Let p = -13950 + 13955. Give y(p).
5
Let c = -94 - -159. Let m(v) = -v**2 + v**3 + c*v + 68*v - 134*v. What is m(0)?
0
Suppose 3*i - 2*i - 4 = 0. Suppose -i*b - 22 = 14. Let k(n) = -n - 6. Calculate k(b).
3
Let x(u) = u + 7. Let n(l) = 106*l**3 + l + 0*l - 96*l**3 - l**2. Let q be n(1). Suppose -5*i - 5*m = -m + 45, i + m = -q. What is x(i)?
2
Let d(g) = 11*g. Suppose -2*t + w - 4*w + 15 = 0, -3*t + 15 = 3*w. Let z be 20/110 + 9/11 + t. Calculate d(z).
11
Let p(w) = -3*w**3 + 3*w**2 + 3*w + 5. Let m(u) be the first derivative of -u**4/4 + u**3/3 + u**2/2 + 2*u - 5. Let n(v) = -5*m(v) + 2*p(v). What is n(2)?
-2
Let l(x) = 6*x + 1. Let b be (-4 - -2) + 25/(-10)*-2. Give l(b).
19
Suppose 2*o = -o + 96. Suppose -5*a = -3*a + o. Let m be (1 - 0)/(8/a). Let u(t) = t**3 - 2*t**2 + 1. Determine u(m).
-15
Let a be (-9)/(-2) + 6/12. Let s(o) = -a + o**2 + 4 + 8*o - 2*o**2 - 1. Calculate s(3).
13
Let i be ((-2)/3)/(1/(-3)). Suppose -5*g - 6 = -4*n, -5*g - n + 3 + 11 = 0. Let d(w) = 4*w**3 + 1 - 3*w**3 - 2*w**2 + g*w + 0*w**3. Determine d(i).
5
Suppose -c - 3 = -0*c - 3*o, -10 = 5*o. Let u be -2 - ((-10)/(-45) + (-25)/c). Let m(l) = -l**2 - 5*l - 7. Determine m(u).
-7
Let t(b) = -b. Let q(n) = 12*n. Let f be (-1)/(3/(-29 + -1)). Let p(u) = f*t(u) + q(u). What is p(2)?
4
Let b = -4 - 1. Let l(y) = 4*y**2 - 22*y + 29. Let c(k) = -k**2 + 7*k - 9. Let f(u) = -7*c(u) - 2*l(u). What is f(b)?
5
Let p(z) = -1 + 3 - 2*z - 5*z**2 + 0 + z**3. Let y(r) = r**2. Let n(j) = -4*j**2 - 2*j - 3. Let l(o) = n(o) + 5*y(o). Let x be l(4). Determine p(x).
-8
Let z(x) = -x - 1. Let p(i) = 2*i + 3. Let o(j) = -3*p(j) - 5*z(j). Suppose 0 = 3*c + 2*c. Let h be 1 + c + 0 + -3. What is o(h)?
-2
Let a(w) = w**2 + 4*w - 7. Let l(b) = 2*b**2 + 9*b - 15. Let h(d) = 6*d**3 - 2*d**2 + 2*d + 3. Let k be h(-1). Let f(v) = k*a(v) + 3*l(v). Calculate f(0).
4
Let a(l) = l**2 + 206*l - 204*l + 5 - 1 - 6. Give a(6).
46
Let k(d) be the second derivative of -3/2*d**2 - 1/3*d**3 - 1/12*d**4 + 16*d + 0. Calculate k(-2).
-3
Let t(c) = c**3 + 5*c**2 + 11*c + 12. Let w be t(-3). Let a(b) = -b**3 - 2*b**2 - 9. Determine a(w).
0
Let v(x) = 11*x - 7. Let w(q) = -9*q + 7. Let s(k) = -5*v(k) - 6*w(k). Determine s(0).
-7
Suppose -5*m + 6 = x, 86 = x - 6*x + 4*m. Let u = -12 - x. Let g(q) = q**2 - 2 - q**3 + u*q**2 + q + 0*q. What is g(3)?
1
Let k be 3/(6/15 + (-14)/10). Suppose 3 = -2*v + u, -2*v - v = -2*u + 7. Let m(n) = 4*n - n**3 + 0*n**3 + v + 1 - 3*n**2. Determine m(k).
-10
Let h be 0 + (-3)/(-15)*5/3. Let m(a) be the first derivative of -6*a + h*a**3 - 2 + 1/4*a**4 + 0*a**2. Calculate m(0).
-6
Suppose 0 = -l - 2*i + 4, -5*l = 5*i + 6 - 31. Let k(w) = -2 + 0*w - 7 + 5*w - w**2. Determine k(l).
-15
Let m = 142 + -140. Let s(b) = -b**2 + b - 4. What is s(m)?
-6
Let b(j) be the second derivative of -j**4/8 - j**3/2 + 17*j**2 - 42*j. Let f(n) be the first derivative of b(n). Let i = 4 - 6. Give f(i).
3
Let t be (-56)/(-26) - 10/65. Let j be (-4)/t + 3 + 1. Let a(d) = 40*d - 71*d - d**j + 33*d. Determine a(2).
0
Let q(p) = p**3 - 5*p**2 + 4*p - 1. Let g be -10 + 8 - (2 - 8). What is q(g)?
-1
Suppose 3*t + 2*t - 50 = 0. Let u = t + -3. Let g(o) = -o - 4 + u + 2*o - 2. Determine g(-4).
-3
Let z(y) be the second derivative of y**7/2520 + y**6/360 - y**5/40 - 7*y**4/2 + 14*y. Let g(o) be the third derivative of z(o). Calculate g(-4).
5
Let f be (889/(-254))/((-2)/(-4)). Let i(v) = 3*v + 3. Give i(f).
-18
Let g(h) be the second derivative of -h**4/12 + 4*h**3/3 - 4*h**2 + 3*h. Let a be 3/(-2)*8/(-3). Suppose 0*i + a*i - 16 = -4*s, s - 3*i - 12 = 0. What is g(s)?
4
Let w = 59 - 70. Let u(g) = g**3 - 4*g**2 + 3*g + 2. Let y(h) = -3*h**3 + 12*h**2 - 8*h - 6. Let i(r) = w*u(r) - 4*y(r). What is i(3)?
-10
Let d(n) = 3*n**3 - 4*n**2 + n + 4. Let o(p) = -11*p**3 + 12*p**2 - 3*p - 12. Let z(j) = -7*d(j) - 2*o(j). What is z(-3)?
8
Let c(a) be the first derivative of -5/12*a**4 - 3 + 6*a - 1/20*a**5 + 0*a**2 + 0*a**3. Let b(q) be the first derivative of c(q). What is b(-5)?
0
Let l(m) be the first derivative of m**3 - 7*m**2/2 - 2*m + 379. Calculate l(3).
4
Let j(c) = -13*c**3 + 39*c**2 - 20*c - 12. Let m(s) = 7*s**3 - 20*s**2 + 10*s + 5. Let o(w) = 6*j(w) + 11*m(w). Determine o(13).
22
Let i(o) be the first derivative of o**3/3 + 3*o**2 - 9*o + 380. What is i(-6)?
-9
Let u(h) be the second derivative of h**7/2520 - h**6/144 - h**4/2 - h. Let s(t) be the third derivative of u(t). Give s(4).
-4
Let b be 3 + -10 - (-14 + 5). Let r(c) = c - 1. Let f(l) = -l**2 + 6*l - 5. Let q(x) = -f(x) + 4*r(x). What is q(b)?
1
Let h(t) = t + 1. Let g be (1/4)/(2/56). Let f = -4 + g. Let y(s) = -4*s + 1. Let z(p) = f*h(p) + y(p). Determine z(3).
1
Let y(h) = 145*h + 6. Let f(o) = -60*o - 3. Let j(z) = -5*f(z) - 2*y(z). Calculate j(-2).
-17
Suppose -4*m = 4*v - 4, -v + 2*v + 3*m = 11. Let x(q) = -23*q**2 - 13*q - 48. Let h(i) = -13*i**2 - 7*i - 27. Let o(b) = 7*h(b) - 4*x(b). Calculate o